6?
0
What is the thousands digit of 1250056?
0
What is the hundreds digit of 577147?
1
What is the tens digit of 123512?
1
What is the ten thousands digit of 1128508?
2
What is the millions digit of 2374878?
2
What is the thousands digit of 316113?
6
What is the hundred thousands digit of 656829?
6
What is the ten thousands digit of 72898?
7
What is the tens digit of 83167?
6
What is the thousands digit of 1786926?
6
What is the thousands digit of 7401802?
1
What is the hundreds digit of 904109?
1
What is the ten millions digit of 20756875?
2
What is the millions digit of 3926268?
3
What is the tens digit of 416611?
1
What is the hundreds digit of 6265393?
3
What is the tens digit of 2379962?
6
What is the millions digit of 2071452?
2
What is the ten thousands digit of 3905375?
0
What is the hundreds digit of 5733962?
9
What is the thousands digit of 6323213?
3
What is the ten thousands digit of 3500481?
0
What is the hundreds digit of 138572?
5
What is the thousands digit of 10971339?
1
What is the tens digit of 279150?
5
What is the tens digit of 534549?
4
What is the hundreds digit of 591237?
2
What is the tens digit of 1589427?
2
What is the ten thousands digit of 1200529?
0
What is the millions digit of 3311420?
3
What is the tens digit of 10938302?
0
What is the tens digit of 3621469?
6
What is the hundreds digit of 245038?
0
What is the units digit of 1661076?
6
What is the ten thousands digit of 2236478?
3
What is the thousands digit of 1292?
1
What is the thousands digit of 192870?
2
What is the ten thousands digit of 15796799?
9
What is the hundred thousands digit of 9410213?
4
What is the millions digit of 3994556?
3
What is the ten thousands digit of 16565775?
6
What is the millions digit of 13564515?
3
What is the thousands digit of 888912?
8
What is the tens digit of 71160?
6
What is the hundred thousands digit of 548689?
5
What is the units digit of 1545?
5
What is the thousands digit of 141234?
1
What is the units digit of 2445105?
5
What is the millions digit of 6545080?
6
What is the hundred thousands digit of 364374?
3
What is the hundreds digit of 45863?
8
What is the hundred thousands digit of 1123055?
1
What is the ten thousands digit of 216787?
1
What is the units digit of 1390498?
8
What is the hundred thousands digit of 161400?
1
What is the units digit of 512986?
6
What is the units digit of 442547?
7
What is the tens digit of 174957?
5
What is the hundred thousands digit of 22185260?
1
What is the millions digit of 4046781?
4
What is the hundreds digit of 12317788?
7
What is the ten thousands digit of 12752355?
5
What is the hundreds digit of 651266?
2
What is the millions digit of 13994706?
3
What is the tens digit of 160110?
1
What is the hundred thousands digit of 3771285?
7
What is the tens digit of 3862209?
0
What is the thousands digit of 160594?
0
What is the tens digit of 2017771?
7
What is the ten millions digit of 12914313?
1
What is the thousands digit of 1424439?
4
What is the hundred thousands digit of 731448?
7
What is the tens digit of 662359?
5
What is the millions digit of 5377285?
5
What is the hundred thousands digit of 489240?
4
What is the millions digit of 3357531?
3
What is the tens digit of 17296822?
2
What is the tens digit of 472210?
1
What is the thousands digit of 50711?
0
What is the units digit of 438542?
2
What is the thousands digit of 506643?
6
What is the units digit of 816555?
5
What is the millions digit of 4976215?
4
What is the ten millions digit of 21341914?
2
What is the tens digit of 350649?
4
What is the millions digit of 28349145?
8
What is the units digit of 59536?
6
What is the hundred thousands digit of 480834?
4
What is the thousands digit of 249552?
9
What is the hundreds digit of 26684061?
0
What is the ten thousands digit of 331213?
3
What is the hundreds digit of 1114504?
5
What is the units digit of 144905?
5
What is the ten thousands digit of 4264645?
6
What is the thousands digit of 1866978?
6
What is the ten thousands digit of 785499?
8
What is the thousands digit of 153874?
3
What is the ten thousands digit of 3534723?
3
What is the ten thousands digit of 1424480?
2
What is the tens digit of 6769457?
5
What is the hundred thousands digit of 2614173?
6
What is the tens digit of 2787613?
1
What is the millions digit of 19248845?
9
What is the ten thousands digit of 1358999?
5
What is the thousands digit of 957183?
7
What is the units digit of 3659757?
7
What is the units digit of 932090?
0
What is the hundreds digit of 4448294?
2
What is the ten thousands digit of 1176382?
7
What is the hundreds digit of 695643?
6
What is the ten thousands digit of 68696?
6
What is the hundred thousands digit of 2846035?
8
What is the tens digit of 5789315?
1
What is the tens digit of 205729?
2
What is the hundreds digit of 1910810?
8
What is the tens digit of 1257641?
4
What is the thousands digit of 758147?
8
What is the units digit of 5395433?
3
What is the hundreds digit of 6690208?
2
What is the thousands digit of 1668637?
8
What is the thousands digit of 1095481?
5
What is the hundreds digit of 178243?
2
What is the millions digit of 2649360?
2
What is the units digit of 3723747?
7
What is the thousands digit of 1834517?
4
What is the hundreds digit of 637011?
0
What is the ten thousands digit of 24585737?
8
What is the hundred thousands digit of 364179?
3
What is the ten thousands digit of 189489?
8
What is the thousands digit of 957433?
7
What is the ten thousands digit of 1136582?
3
What is the units digit of 113294?
4
What is the tens digit of 8932064?
6
What is the tens digit of 396015?
1
What is the thousands digit of 8762830?
2
What is the tens digit of 1085019?
1
What is the ten thousands digit of 207036?
0
What is the ten thousands digit of 1982629?
8
What is the hundreds digit of 12991350?
3
What is the units digit of 93330?
0
What is the hundred thousands digit of 438642?
4
What is the hundreds digit of 314348?
3
What is the tens digit of 2279219?
1
What is the ten thousands digit of 7581378?
8
What is the thousands digit of 522518?
2
What is the ten millions digit of 15665463?
1
What is the thousands digit of 42595?
2
What is the tens digit of 139509?
0
What is the ten thousands digit of 352009?
5
What is the hundreds digit of 19028125?
1
What is the thousands digit of 5169224?
9
What is the tens digit of 22386161?
6
What is the thousands digit of 108802?
8
What is the tens digit of 153037?
3
What is the hundreds digit of 2217228?
2
What is the tens digit of 78880?
8
What is the ten thousands digit of 7552949?
5
What is the millions digit of 5577295?
5
What is the tens digit of 356345?
4
What is the hundred thousands digit of 7150276?
1
What is the hundred thousands digit of 125472?
1
What is the thousands digit of 13003?
3
What is the thousands digit of 1738621?
8
What is the millions digit of 26652782?
6
What is the hundreds digit of 324619?
6
What is the thousands digit of 151958?
1
What is the hundred thousands digit of 184362?
1
What is the tens digit of 4548144?
4
What is the hundreds digit of 240672?
6
What is the ten thousands digit of 18445010?
4
What is the thousands digit of 1835380?
5
What is the hundreds digit of 360458?
4
What is the units digit of 1765?
5
What is the ten thousands digit of 349032?
4
What is the hundred thousands digit of 4316564?
3
What is the hundred thousands digit of 1170529?
1
What is the ten thousands digit of 606290?
0
What is the thousands digit of 882792?
2
What is the hundreds digit of 172603?
6
What is the millions digit of 5247743?
5
What is the ten thousands digit of 124325?
2
What is the ten thousands digit of 242770?
4
What is the hundreds digit of 5118184?
1
What is the hundred thousands digit of 9607339?
6
What is the tens digit of 1888214?
1
What is the hundreds digit of 6122618?
6
What is the units digit of 13733578?
8
What is the tens digit of 247224?
2
What is the tens digit of 264008?
0
What is the units digit of 794018?
8
What is the tens digit of 4890447?
4
What is the thousands digit of 444453?
4
What is the units digit of 6121389?
9
What is the units digit of 15020287?
7
What is the hundred thousands digit of 8307785?
3
What is the tens digit of 537657?
5
What is the hundreds digit of 5061369?
3
What i